ppose -5*z = -8 - 12. Let g = z - -1. Let f(q) = q - 3. Let x be f(g). What is m(x)?
-10
Let m = -11 - -7. Let x(o) be the first derivative of -o**3/3 - 3*o**2 - 4*o + 2. Determine x(m).
4
Let t(w) = -10*w - 3. Let v be -1*(0 + -2 - (-4 + 0)). Calculate t(v).
17
Let w(j) be the second derivative of j + 0*j**2 + 1/12*j**4 + 0*j**3 + 0. Let z(h) = h + 13. Let a be z(-11). Give w(a).
4
Suppose 25 = 5*j - 4*n, 2*n = n. Let s(b) = b**3 - 5*b**2 - 7*b + 8. Let k be s(6). Let r(t) = 2*t**2 - 5*t + k - 2 - t**2. Give r(j).
0
Let a(r) = r**3 + 3*r - 3. Let m(d) = d**3 + d**2 + 4*d - 4. Let n(j) = -4*a(j) + 3*m(j). Calculate n(2).
4
Let l(x) be the second derivative of -x**3/6 + 3*x**2/2 + x. Suppose -4*c - 3*n = -c + 6, -3*c - 5*n - 10 = 0. Determine l(c).
3
Let p(a) = -a**2 + 7*a + 10. Let b be p(8). Let s(y) = y**3 - 4*y**3 - 6*y**2 - 2*y + 2*y**2 - 1 + b*y**2. Determine s(-1).
2
Suppose 10 = -3*w - 2. Let x(p) be the third derivative of p**6/120 + p**5/20 - p**4/6 - p**3/3 - 2*p**2. Determine x(w).
-2
Let r(a) be the second derivative of a**3/6 - 3*a**2/2 - 3*a. What is r(2)?
-1
Let b(a) = 5*a**2 + a - 2. Let v(j) = 9*j**2 + 2*j - 5. Let d(p) = -7*b(p) + 4*v(p). What is d(-5)?
14
Let r(m) = m. Let t be r(4). Suppose 2*d - 10 = -4*o, 0 = 5*o - t - 1. Let l(n) = n**3 - 4*n**2 + 5*n - 4. Give l(d).
2
Let o(n) = -5*n**2 + 0*n - 6*n - 4 + n**3 + n. Suppose 4*i + 2*x - 30 = 0, -x + 0*x + 21 = 3*i. Give o(i).
2
Let b(s) = s**2 + 7*s - 7. Let v(m) = 7*m**2 - 12*m - 4. Let o(g) = -15*g**2 + 25*g + 7. Let h(i) = -6*o(i) - 13*v(i). Let c be h(8). Determine b(c).
-13
Let y(q) be the third derivative of q**5/60 + q**4/3 + 3*q**3/2 + 38*q**2. Give y(-8).
9
Let a = 7 + -4. Let x(p) = a*p - p - 4 - p + 3. What is x(-4)?
-5
Let s(n) = n**3 - 4*n**2 + 2*n - 5. Let y(r) = 2*r**3 - 3*r**2 + 2*r - 4. Let a(f) = 5*s(f) - 6*y(f). Let b = -17 - -16. Calculate a(b).
6
Let o(a) = a**3 - 3*a**2 + 2*a - 3. Let v be (-6)/((-5)/((-30)/4)). Let k be 0 + v/(3 - 6). Give o(k).
3
Suppose -3*s + 4*i = -7, -2*s - 2*i = -s + 11. Let a(k) = -k**2 + k + 4. Give a(s).
-8
Let x(f) be the third derivative of f**4/24 - 40*f**2. Determine x(-1).
-1
Let f = -47 - -34. Let m(i) = i**2 + 12*i - 15. Calculate m(f).
-2
Let r(q) = q + 2 + 2 + 0*q. Let h = -313 + 308. Calculate r(h).
-1
Let a be (-6)/9 - (-102)/(-9). Let m be (a/(-8))/(2/4). Let v(r) = r - 5. What is v(m)?
-2
Suppose -4*m = -0*m - 24. Let u(c) = c**2 - 6*c + 8. Calculate u(m).
8
Let b(q) = -q + 0*q + 3*q. Let i = -10 + 14. What is b(i)?
8
Let s(k) = -k**3 - 5*k**2 + k + 1. Suppose 2*j + 7 - 19 = 0. Suppose -2*o + j = 0, 2 = -m - 2*o + o. What is s(m)?
-4
Let n(f) be the first derivative of -f**2/2 - 10*f - 1. Give n(-8).
-2
Let o(p) = -p**2 - 2*p + 1. Let k(h) = 3*h**2 + 4*h + 2. Let v be k(-2). Let c be (-5)/(10/3)*-2. Suppose c*n - 5*l + 14 = 0, -v*n + 4*l - 6 = -n. Give o(n).
-7
Let q(b) be the first derivative of b**2/2 + 7*b + 10. Give q(-7).
0
Let g = -4 - -6. Let v(k) = 4*k**2 - g - 2*k - 3*k + 2*k - k**3. What is v(3)?
-2
Let g(f) = -3*f - 4. Let w = 8 + -13. Calculate g(w).
11
Let y(d) = -d**2 - d. Let r(k) = 4*k**2 + 4*k + 2. Let h(u) = -r(u) - 3*y(u). What is h(-3)?
-8
Suppose j + 3*j = -4*t + 16, j = 2. Let h(u) = -36*u**2 + 7*u - t + 3 + 37*u**2. Give h(-6).
-5
Let a(v) = -v**2 + 15. Let f = -71 - -71. Calculate a(f).
15
Let y(a) be the second derivative of a**4/12 + 3*a**3/2 + 3*a**2 + 6*a. What is y(-6)?
-12
Let t(n) = -n**2 - n. Let h(s) = -7*s**2 - 12*s + 2. Let r(v) = -h(v) + 6*t(v). Let a be r(-7). Suppose a = -0*q + q. Let b(z) = z**2 - 6*z + 6. Determine b(q).
1
Let c(g) = 7*g - 3 - 2 - 6*g. Determine c(4).
-1
Let a(n) = n**3 - 2*n**2 - 7*n + 5. Let o(t) = t**3 + 5*t**2 + 4. Let f = -7 + 10. Suppose 2 = -d - f. Let r be o(d). What is a(r)?
9
Suppose -4 = 4*j + 4*c, j - 5*j - 7 = 5*c. Let s(y) be the first derivative of y + 0*y**j + 4 + 5/3*y**3. Determine s(1).
6
Let h(w) = w**3 + 3*w**2 - 8*w - 4. Let l be -4 - -7 - (-3)/(3/(-8)). Give h(l).
-14
Let j(z) be the third derivative of -z**4/12 + z**3/2 - 12*z**2. Calculate j(5).
-7
Let n(v) = 3*v**3 + v**2 + v. Let f = -21 - -20. Determine n(f).
-3
Let i(f) be the third derivative of f**4/6 - f**3/6 + f**2. Let u be -4*(-3)/24*-4. Give i(u).
-9
Let t(k) = 2 - 4*k**2 - 10*k - 3*k**2 + 3*k + 8*k**2. Determine t(6).
-4
Let a(o) = o**3 + 10 - 2*o**3 - 9*o**2 - 352*o + 353*o. What is a(-9)?
1
Let u(d) = -d + 2 - 2*d**2 - 6*d - 6. Suppose 8*a = 6*a - 8. Determine u(a).
-8
Let f(r) = -81 - r**2 + 164 - 86 - r. Give f(3).
-15
Let m(l) = -9*l + 6*l + 2 + 0. Give m(3).
-7
Let p = -15 + 9. Let g(k) = k**3 + 7*k**2 + 4*k - 7. Give g(p).
5
Let u(o) = -o**3 - 7*o**2 + 9*o + 2. Suppose 0 = -16*c + 19*c + 24. Calculate u(c).
-6
Let u(z) = -6*z + 2*z**2 + 3*z + 2 - 6. What is u(3)?
5
Let d(x) = 2*x + 2. Let j(z) = -z - 1. Let c(r) = -d(r) - 3*j(r). Let t = -57 + 60. Give c(t).
4
Let k(s) = -s**3 + 6*s**2 - 13*s - 4. Let o be 4/(-6)*(13 + -4). Let u(n) = -n**3 + 6*n**2 - 14*n - 5. Let f(l) = o*u(l) + 7*k(l). What is f(5)?
-8
Let i(w) = w. Suppose -18 = -5*v + 2. Let x = -13 - -18. Let r(b) = -b. Let k(h) = v*i(h) + x*r(h). What is k(-5)?
5
Let t(j) = -j**3 - 5*j**2 - 2*j - 7. Suppose 3*u = 2*u + 2. Suppose 2*g = -4*l + u, g + 2 + 2 = 3*l. Suppose 2*b + l = -3, -2*p + 5*b = 0. Give t(p).
3
Let m(n) = -n**2 - 3*n + 1. Let h(g) = -g + 1. Let x(c) = 4*h(c) + m(c). Determine x(-7).
5
Let j(b) = b + 0*b + 12 - 2*b + 2*b. Calculate j(-7).
5
Suppose -3*z = -22 - 5. Let f(h) = 5*h**2 + 0*h**2 - h**3 + 3 + h + h**2 - z. Give f(6).
0
Let n(a) = 6*a - 2. Let g(v) = -v. Let w(f) = 3*g(f) + n(f). Give w(3).
7
Let l(p) = -5*p + 31. Let h be ((-3)/(-3))/2*-14. Let z(c) = -2*c + 15. Suppose 0 = 18*x - 14*x - 12. Let t(b) = h*z(b) + x*l(b). Determine t(-5).
-7
Let g(n) = n**3 + 5*n**2 + 3*n + 4. Let x be -3 + 1 + 4/(-4). What is g(x)?
13
Let z(p) = -2 + 1 + 7*p**2 - 6*p**3 - 2*p**2 - 4*p**2. Let t be (-18)/(-22) - 12/(-66). Give z(t).
-6
Let b be (0/(4 - 2))/1. Let h(m) = 2*m**2 + m - 3 - 2*m**3 + 0*m**3 + 2*m + b*m**3. Suppose -2*v - 2*v + 8 = 0. Determine h(v).
-5
Let i(s) = -2*s - 1. Let p be i(-1). Let k(f) = -8*f**2 - 5*f. Let a(v) = 9*v**2 + 6*v. Let b(u) = 5*a(u) + 6*k(u). Let l be b(p). Let y(x) = 2*x. What is y(l)?
-6
Let d(y) = y**3 + 8*y**2 + 7*y - 2. Suppose 23 + 23 = 2*c. Suppose c - 9 = -2*i. What is d(i)?
-2
Let h(y) = y**2 + 6*y + 6. Suppose 4*t = 5*k + 9, t + 4 = -0. What is h(k)?
1
Let w be 35/(-14) + 2/(-4). Suppose 2*y - y - 7 = 0. Let x(q) = q**2 - 11*q + 8. Let n(b) = -b**2 + 16*b - 12. Let g(i) = y*x(i) + 5*n(i). Give g(w).
5
Let x(v) = v + 5. Suppose 5*d - 2*y - 26 = 0, 0 = -2*d - 3*y + 2*y + 5. Suppose o = -5*n - 3, 4*n - 5*n - 12 = d*o. Determine x(n).
5
Let v(q) = -q**3 + q**2 + 4. Suppose 6 = 2*z - 0. Suppose 5*f - 1 = m, z = -3*m - 7*f + 2*f. Let y be m*(2 - 6/3). What is v(y)?
4
Suppose -3 = -0*m - 3*m. Let a(h) = -5*h**3 + 90 + h**3 - 89 - 2*h**2. What is a(m)?
-5
Let f(q) be the first derivative of -q**2/2 + 8*q + 10. Suppose 15 = 4*c - 5. Determine f(c).
3
Let z(f) = -f**3 - f**3 - 10*f**2 - 5 - 5*f + 6*f + 3*f**3. Give z(10).
5
Let q(d) be the first derivative of d**2 - 11*d - 25. Give q(8).
5
Suppose 5*g = -5*c - 35, g + 2*c + 1 + 10 = 0. Let a = -3 - g. Let b(s) = -s**2 + s - 3. Let x be b(a). Let w(r) = -r - 1. What is w(x)?
2
Suppose -r = -0*v + v + 1, -v = 2. Let a(b) = 23*b + 2. Let i(y) = -11*y - 1. Let d(n) = 6*a(n) + 13*i(n). Give d(r).
-6
Let o(f) be the second derivative of -f**4/12 + 2*f**3/3 - 3*f**2 - 4*f. What is o(4)?
-6
Suppose -17*w + 20*w - 11 = 4*c, -5 = 5*c + 5*w. Let y(d) = -2*d**3 - 3*d**2 + d + 2. Give y(c).
4
Let g(r) = -r + 5. Let l(w) = -2*w**2 - w + 1. Let k = 1 + 0. Let t be l(k). Let c(q) = q**3 + 2*q**2 - 3*q - 3. Let s be c(t). Determine g(s).
2
Let k(y) = 4*y + 1. Let u(d) = -4*d - 2. Let i(q) = -4*k(q) - 5*u(q). What is i(-5)?
-14
Let j(r) = r**3 + 3*r**2 + 5*r + 5. Let t be j(-2). Let u(c) = 2*c**3 - 2*c - 1. What is u(t)?
-1
Let h(y) be the first derivative of y**4/4 - 4*y**3/3 + y**2 - y + 25. What is h(3)?
-4
Suppose 2*g + 3*a + 19 = 7*g, -4*a = 4*g + 4. Let j(x) be the second derivative of 2*x + 1/6*x**3 + 0 + 2*x**g. Determine j(3).
7
Let p = -83 + 82. Let w(f) = -4*f**2 - 2*f - 1. Give w(p).
-3
Let d(b) = b. Suppose 4*t +